e 4
-2
What is -222 (base 10) in base 2?
-11011110
Convert 2 (base 9) to base 8.
2
What is 0 (base 6) in base 4?
0
-15 (base 14) to base 4
-103
-101 (base 2) to base 4
-11
-4 (base 14) to base 16
-4
What is 24 (base 15) in base 6?
54
2 (base 14) to base 9
2
-8 (base 10) to base 8
-10
1140 (base 5) to base 7
332
3 (base 6) to base 4
3
-23 (base 8) to base 12
-17
What is -37 (base 10) in base 11?
-34
Convert -24 (base 7) to base 16.
-12
What is -64 (base 11) in base 14?
-50
Convert -3 (base 11) to base 12.
-3
-3 (base 8) to base 2
-11
What is 1211 (base 3) in base 2?
110001
-10 (base 16) to base 9
-17
Convert -18 (base 14) to base 10.
-22
Convert -2 (base 3) to base 7.
-2
Convert -23 (base 7) to base 12.
-15
Convert -4 (base 9) to base 3.
-11
Convert 47 (base 9) to base 5.
133
Convert -1 (base 2) to base 11.
-1
Convert 113 (base 15) to base 14.
135
Convert 4 (base 13) to base 4.
10
What is 30 (base 6) in base 8?
22
-61 (base 7) to base 11
-3a
What is 102 (base 4) in base 7?
24
What is 9 (base 10) in base 16?
9
Convert 12 (base 3) to base 2.
101
Convert 6 (base 16) to base 10.
6
Convert -17 (base 12) to base 5.
-34
Convert 30 (base 8) to base 14.
1a
Convert -1a (base 16) to base 6.
-42
-7 (base 8) to base 15
-7
Convert 12 (base 5) to base 8.
7
361 (base 9) to base 11
251
What is 113 (base 7) in base 5?
214
What is -60 (base 11) in base 6?
-150
Convert -200 (base 4) to base 10.
-32
Convert -13 (base 9) to base 3.
-110
Convert -31 (base 16) to base 7.
-100
-3 (base 6) to base 15
-3
-144 (base 7) to base 9
-100
Convert -121 (base 4) to base 2.
-11001
109 (base 14) to base 9
247
Convert 6 (base 13) to base 7.
6
What is -22000 (base 3) in base 13?
-138
Convert 1112 (base 3) to base 15.
2b
What is -333 (base 8) in base 15?
-e9
40 (base 7) to base 2
11100
What is 3 (base 14) in base 16?
3
201 (base 10) to base 6
533
What is 7 (base 14) in base 3?
21
What is -13 (base 6) in base 11?
-9
What is -2 (base 4) in base 8?
-2
What is -6 (base 7) in base 5?
-11
1a (base 16) to base 9
28
1000 (base 4) to base 2
1000000
Convert 23 (base 7) to base 3.
122
What is -32 (base 11) in base 15?
-25
Convert 183 (base 10) to base 15.
c3
Convert -1001 (base 2) to base 7.
-12
Convert 14 (base 12) to base 9.
17
-27 (base 11) to base 9
-32
-239 (base 10) to base 2
-11101111
Convert 6 (base 13) to base 4.
12
What is 6a (base 11) in base 6?
204
Convert -111110 (base 2) to base 4.
-332
110 (base 12) to base 15
a6
Convert 10101 (base 2) to base 11.
1a
What is 2 (base 3) in base 8?
2
What is -3 (base 4) in base 11?
-3
-1220 (base 4) to base 7
-206
-244 (base 5) to base 14
-54
What is -1 (base 15) in base 10?
-1
Convert -1 (base 14) to base 5.
-1
Convert -157 (base 9) to base 15.
-8d
What is -11 (base 11) in base 4?
-30
Convert 102 (base 5) to base 8.
33
-202 (base 3) to base 15
-15
What is -3 (base 10) in base 5?
-3
122 (base 3) to base 15
12
10a (base 13) to base 11
153
What is 16a (base 11) in base 8?
305
What is 251 (base 7) in base 8?
206
Convert 0 (base 3) to base 16.
0
What is -4 (base 13) in base 8?
-4
c6 (base 16) to base 10
198
4 (base 11) to base 3
11
Convert 1222 (base 4) to base 9.
127
-50 (base 8) to base 9
-44
Convert a (base 12) to base 10.
10
What is -d (base 14) in base 16?
-d
-13 (base 12) to base 8
-17
What is 1001 (base 2) in base 12?
9
What is -130 (base 5) in base 16?
-28
Convert -4 (base 7) to base 2.
-100
Convert -2 (base 10) to base 8.
-2
11 (base 9) to base 3
101
14 (base 13) to base 15
12
Convert 112 (base 10) to base 3.
11011
1 (base 3) to base 4
1
-2a (base 13) to base 6
-100
What is 7 (base 14) in base 11?
7
What is 101 (base 2) in base 13?
5
1 (base 8) to base 14
1
2b (base 16) to base 10
43
Convert 71 (base 11) to base 13.
60
-37 (base 15) to base 10
-52
Convert -20 (base 8) to base 11.
-15
What is -7a (base 11) in base 7?
-153
Convert 3d (base 15) to base 6.
134
Convert 344 (base 8) to base 4.
3210
What is 255 (base 10) in base 2?
11111111
95 (base 11) to base 16
68
What is 66 (base 14) in base 13?
6c
What is -2 (base 5) in base 12?
-2
What is -ce (base 16) in base 13?
-12b
What is -3 (base 10) in base 3?
-10
What is -3 (base 5) in base 12?
-3
What is 1 (base 5) in base 16?
1
What is -22 (base 11) in base 7?
-33
What is 18 (base 14) in base 11?
20
What is 1 (base 15) in base 7?
1
Convert -12 (base 15) to base 12.
-15
-4 (base 7) to base 11
-4
What is -5 (base 10) in base 15?
-5
-52 (base 7) to base 10
-37
-4 (base 13) to base 15
-4
Convert -2 (base 5) to base 3.
-2
Convert -22 (base 10) to base 16.
-16
Convert 3 (base 11) to base 9.
3
101 (base 11) to base 6
322
Convert 10 (base 5) to base 10.
5
What is -100101 (base 2) in base 3?
-1101
What is -16 (base 9) in base 8?
-17
Convert 2 (base 15) to base 3.
2
11011 (base 2) to base 8
33
Convert 20 (base 15) to base 13.
24
What is 23 (base 7) in base 11?
16
What is 1026 (base 7) in base 10?
363
-8 (base 9) to base 15
-8
Convert -13 (base 4) to base 15.
-7
1 (base 12) to base 9
1
Convert -68 (base 9) to base 4.
-332
Convert 17 (base 8) to base 16.
f
Convert -2122 (base 5) to base 9.
-348
4 (base 16) to base 13
4
Convert -51 (base 7) to base 14.
-28
87 (base 9) to base 5
304
-22 (base 3) to base 14
-8
Convert -375 (base 8) to base 16.
-fd
What is 10010 (base 2) in base 4?
102
What is 1221 (base 5) in base 9?
226
Convert -101 (base 3) to base 13.
-a
Convert -16 (base 16) to base 14.
-18
50 (base 6) to base 12
26
-42 (base 14) to base 5
-213
29 (base 15) to base 5
124
-2 (base 5) to base 10
-2
-1144 (base 5) to base 16
-ae
What is 0 (base 8) in base 14?
0
Convert -2 (base 13) to base 14.
-2
What is -3 (base 8) in base 7?
-3
101 (base 6) to base 4
211
0 (base 14) to base 2
0
What is 4b (base 15) in base 2?
1000111
What is 31 (base 9) in base 3?
1001
-1 (base 11) to base 3
-1
Convert -10 (base 15) to base 9.
-16
Convert 337 (base 8) to base 16.
df
What is 120 (base 8) in base 7?
143
What is 11001101 (base 2) in base 9?
247
What is -2 (base 11) in base 12?
-2
What is -213 (base 8) in base 13?
-a9
Convert 10 (base 10) to base 7.
13
What is -20200 (base 3) in base 8?
-264
What is -a (base 16) in base 14?
-a
What is 0 (base 8) in base 7?
0
Convert -47 (base 11) to base 13.
-3c
Convert 57 (base 14) to base 11.
70
136 (base 8) to base 10
94
Convert 0 (base 2) to base 13.
0
2 (base 13) to base 6
2
Convert 32 (base 11) to base 15.
25
-2 (base 12) to base 9
-2
-122 (base 8) to base 9
-101
Convert -3 (base 7) to base 11.
-3
What is -14 (base 5) in base 8?
-11
-18 (base 9) to base 4
-101
What is 10010 (base 3) in base 12?
70
Convert 6 (base 15) to base 10.
6
Convert 1 (base 16) to base 4.
1
-4 (base 5) to base 15
-4
83 (base 10) to base 12
6b
11 (base 12) to base 16
d
219 (base 12) to base 4
10311
What is 16 (base 9) in base 5?
30
Convert a (base 14) to base 16.
a
Convert 2 (base 15) to base 7.
2
Convert 20 (base 9) to base 10.
18
Convert 21 (base 4) to base 14.
9
64 (base 7) to base 3
1201
-28 (base 9) to base 8
-32
What is -7 (base 9) in base 4?
-13
107 (base 9) to base 12
74
Convert 48 (base 15) to base 14.
4c
2 (base 12) to base 10
2
11100 (base 3) to base 4
1311
What is -4 (base 9) in base 14?
-4
What is 0 (base 5) in base 12?
0
12 (base 4) to base 3
20
Convert -10 (base 11) to base 2.
-1011
3 (base 13) to base 12
3
Convert 1101 (base 2) to base 7.
16
1 (base 4) to base 5
1
Convert 40 (base 5) to base 15.
15
Convert 24 (base 6) to base 4.
100
-3023 (base 4) to base 2
-11001011
Convert 1220 (base 3) to base 13.
3c
101001011 (base 2) to base 11
281
Convert -35 (base 11) to base 4.
-212
Convert 3 (base 12) to base 16.
3
-8b (base 15) to base 14
-95
Convert 55 (base 6) to base 16.
23
Convert 0 (base 7) to base 6.
0
Convert 1 (base 7) to base 9.
1
What is -55 (base 13) in base 6?
-154
What is -20 (base 4) in base 16?
-8
Convert -1 (base 11) to base 6.
-1
Convert -2 (base 13) to base 6.
-2
Convert 12 (base 7) to base 4.
21
-7 (base 10) to base 6
-11
-32 (base 8) to base 13
-20
What is -124 (base 8) in base 4?
-1110
Convert 11 (base 8) to base 11.
9
Convert 34 (base 6) to base 13.
19
What is -76 (base 12) in base 10?
-90
What is 40 (base 8) in base 3?
1012
-a (base 14) to base 7
-13
What is -1011000 (base 2) in base 12?
-74
-1410 (base 5) to base 6
-1022
2 (base 6) to base 16
2
-21 (base 3) to base 11
-7
-4 (base 14) t